{"id":1614,"date":"2022-09-15T17:15:01","date_gmt":"2022-09-15T17:15:01","guid":{"rendered":"https:\/\/www.fcedu.uner.edu.ar\/graficacepce\/?page_id=1614"},"modified":"2022-10-03T14:26:43","modified_gmt":"2022-10-03T14:26:43","slug":"catedras","status":"publish","type":"page","link":"https:\/\/www.fcedu.uner.edu.ar\/graficacepce\/lineas-de-trabajo\/catedras\/","title":{"rendered":"Mentes peligrosas"},"content":{"rendered":"<div class=\"post-header\">\n<h1 class=\"post-title\"><\/h1>\n<\/div>\n<div class=\"post-content\">\n<h4><strong>Producciones, codo a codo, con estudiantes y profesores de la FCEdu<\/strong><\/h4>\n<p><a href=\"https:\/\/www.fcedu.uner.edu.ar\/graficacepce\/2022\/08\/26\/glosario-de-neologismos-palabras-neocesarias-para-contar-la-educacion-en-pandemia\/\">Glosario de palabras ne(o)cesarias para pensar la educaci\u00f3n en pandemia<\/a><\/p>\n<p>En 2021 realizamos este glosario, en forma remota, con estudiantes y docentes del <strong>Espacio de Relaciones Interinstitucionales I<\/strong> de la carrera Ciencias de la Educaci\u00f3n.<\/p>\n<p>&nbsp;<\/p>\n<p><a href=\"https:\/\/www.fcedu.uner.edu.ar\/graficacepce\/2022\/08\/26\/extractos-de-cartas-para-estudiantes-del-futuro\/\">Freire. Cartas para estudiantes del futuro<\/a><\/p>\n<p>Mediante intercambios virtuales, en 2021 trabajamos estas hermosas y esperanzadoras cartas, con estudiantes y docente de la C\u00e1tedra <strong>Tradiciones y pr\u00e1cticas de la Educaci\u00f3n Popular<\/strong>\u00a0de la carrera Ciencias de la Educaci\u00f3n.<\/p>\n<p>&nbsp;<\/p>\n<p><a href=\"https:\/\/www.fcedu.uner.edu.ar\/graficacepce\/2022\/08\/26\/proyecto-de-innovacion-e-incentivo-a-la-docencia-folleto-en-formato-no-tradicional-nina-landreani\/\">Nina Landreani: Legados de un caminar<\/a><\/p>\n<p>Con el equipo de la C\u00e1tedra <strong>Sociolog\u00eda de la Educaci\u00f3n<\/strong> dise\u00f1amos este dispositivo, para que los estudiantes de la FCEdu conocieran los conceptos fundamentales desarrollados por quien le diera el nombre a las escuelas Nina.<\/p>\n<p>&nbsp;<\/p>\n<p><a href=\"https:\/\/www.fcedu.uner.edu.ar\/graficacepce\/2022\/08\/31\/entregrafias-2\/\">Entregraf\u00edas. Miradas y recorridos de investigaci\u00f3n<\/a><\/p>\n<p>Con docentes de <strong>M\u00e9todos y t\u00e9cnicas del trabajo intelectual\u00a0<\/strong>produjimos\u00a0 <em>Entregraf\u00edas,<\/em> una revista para mostrar a los ingresantes de Comunicaci\u00f3n Social la \u00abcocina\u00bb de la investigaci\u00f3n.<\/p>\n<\/div>\n<p>&nbsp;<\/p>\n<div class=\"post-content\">\n<p><a href=\"https:\/\/www.fcedu.uner.edu.ar\/graficacepce\/2022\/08\/26\/tutoriales-para-redes\/\">Mini tutoriales para Instagram Taller Gr\u00e1fica I<\/a><\/p>\n<\/div>\n<p>Durante la pandemia armamos estos mini tutoriales con funciones espec\u00edficas para acompa\u00f1ar a los estudiantes del<strong> Taller: Gr\u00e1fica I<\/strong> en sus primeros pasos por <em>softwares<\/em> de dise\u00f1o.<\/p>\n<p>&nbsp;<\/p>\n<div class=\"post-content\">\n<p><a href=\"https:\/\/www.fcedu.uner.edu.ar\/graficacepce\/2022\/08\/26\/video-presentacion-la-escuela-secundaria-disputa-sentidos\/\">La escuela secundaria disputa sentidos<\/a><\/p>\n<p>Produjimos este material experimental conjuntamente con la ARC, para la presentaci\u00f3n del libro hom\u00f3nimo, surgido del ciclo \u00abConversaciones sobre escuela secundaria\u00bb que organiza la <strong>C\u00e1tedra Problem\u00e1tica Educativa<\/strong>.<\/p>\n<\/div>\n","protected":false},"excerpt":{"rendered":"<p>Producciones, codo a codo, con estudiantes y profesores de la FCEdu Glosario de palabras ne(o)cesarias para pensar la educaci\u00f3n en pandemia En 2021 realizamos este glosario, en forma&#8230;<\/p>\n","protected":false},"author":1001024,"featured_media":1707,"parent":100,"menu_order":0,"comment_status":"closed","ping_status":"closed","template":"","meta":{"footnotes":""},"class_list":["post-1614","page","type-page","status-publish","has-post-thumbnail","hentry"],"_links":{"self":[{"href":"https:\/\/www.fcedu.uner.edu.ar\/graficacepce\/wp-json\/wp\/v2\/pages\/1614","targetHints":{"allow":["GET"]}}],"collection":[{"href":"https:\/\/www.fcedu.uner.edu.ar\/graficacepce\/wp-json\/wp\/v2\/pages"}],"about":[{"href":"https:\/\/www.fcedu.uner.edu.ar\/graficacepce\/wp-json\/wp\/v2\/types\/page"}],"author":[{"embeddable":true,"href":"https:\/\/www.fcedu.uner.edu.ar\/graficacepce\/wp-json\/wp\/v2\/users\/1001024"}],"replies":[{"embeddable":true,"href":"https:\/\/www.fcedu.uner.edu.ar\/graficacepce\/wp-json\/wp\/v2\/comments?post=1614"}],"version-history":[{"count":14,"href":"https:\/\/www.fcedu.uner.edu.ar\/graficacepce\/wp-json\/wp\/v2\/pages\/1614\/revisions"}],"predecessor-version":[{"id":1726,"href":"https:\/\/www.fcedu.uner.edu.ar\/graficacepce\/wp-json\/wp\/v2\/pages\/1614\/revisions\/1726"}],"up":[{"embeddable":true,"href":"https:\/\/www.fcedu.uner.edu.ar\/graficacepce\/wp-json\/wp\/v2\/pages\/100"}],"wp:featuredmedia":[{"embeddable":true,"href":"https:\/\/www.fcedu.uner.edu.ar\/graficacepce\/wp-json\/wp\/v2\/media\/1707"}],"wp:attachment":[{"href":"https:\/\/www.fcedu.uner.edu.ar\/graficacepce\/wp-json\/wp\/v2\/media?parent=1614"}],"curies":[{"name":"wp","href":"https:\/\/api.w.org\/{rel}","templated":true}]}}

<div class="post-header">
<h1 class="post-title"></h1>
</div>
<div class="post-content">
<h4><strong>Producciones, codo a codo, con estudiantes y profesores de la FCEdu</strong></h4>
<p><a href="https://www.fcedu.uner.edu.ar/graficacepce/2022/08/26/glosario-de-neologismos-palabras-neocesarias-para-contar-la-educacion-en-pandemia/">Glosario de palabras ne(o)cesarias para pensar la educación en pandemia</a></p>
<p>En 2021 realizamos este glosario, en forma remota, con estudiantes y docentes del <strong>Espacio de Relaciones Interinstitucionales I</strong> de la carrera Ciencias de la Educación.</p>
<p>&nbsp;</p>
<p><a href="https://www.fcedu.uner.edu.ar/graficacepce/2022/08/26/extractos-de-cartas-para-estudiantes-del-futuro/">Freire. Cartas para estudiantes del futuro</a></p>
<p>Mediante intercambios virtuales, en 2021 trabajamos estas hermosas y esperanzadoras cartas, con estudiantes y docente de la Cátedra <strong>Tradiciones y prácticas de la Educación Popular</strong> de la carrera Ciencias de la Educación.</p>
<p>&nbsp;</p>
<p><a href="https://www.fcedu.uner.edu.ar/graficacepce/2022/08/26/proyecto-de-innovacion-e-incentivo-a-la-docencia-folleto-en-formato-no-tradicional-nina-landreani/">Nina Landreani: Legados de un caminar</a></p>
<p>Con el equipo de la Cátedra <strong>Sociología de la Educación</strong> diseñamos este dispositivo, para que los estudiantes de la FCEdu conocieran los conceptos fundamentales desarrollados por quien le diera el nombre a las escuelas Nina.</p>
<p>&nbsp;</p>
<p><a href="https://www.fcedu.uner.edu.ar/graficacepce/2022/08/31/entregrafias-2/">Entregrafías. Miradas y recorridos de investigación</a></p>
<p>Con docentes de <strong>Métodos y técnicas del trabajo intelectual </strong>produjimos  <em>Entregrafías,</em> una revista para mostrar a los ingresantes de Comunicación Social la «cocina» de la investigación.</p>
</div>
<p>&nbsp;</p>
<div class="post-content">
<p><a href="https://www.fcedu.uner.edu.ar/graficacepce/2022/08/26/tutoriales-para-redes/">Mini tutoriales para Instagram Taller Gráfica I</a></p>
</div>
<p>Durante la pandemia armamos estos mini tutoriales con funciones específicas para acompañar a los estudiantes del<strong> Taller: Gráfica I</strong> en sus primeros pasos por <em>softwares</em> de diseño.</p>
<p>&nbsp;</p>
<div class="post-content">
<p><a href="https://www.fcedu.uner.edu.ar/graficacepce/2022/08/26/video-presentacion-la-escuela-secundaria-disputa-sentidos/">La escuela secundaria disputa sentidos</a></p>
<p>Produjimos este material experimental conjuntamente con la ARC, para la presentación del libro homónimo, surgido del ciclo «Conversaciones sobre escuela secundaria» que organiza la <strong>Cátedra Problemática Educativa</strong>.</p>
</div>

<p>Producciones, codo a codo, con estudiantes y profesores de la FCEdu Glosario de palabras ne(o)cesarias para pensar la educación en pandemia En 2021 realizamos este glosario, en forma&#8230;</p>
