{"id":925,"date":"2022-08-31T16:14:07","date_gmt":"2022-08-31T16:14:07","guid":{"rendered":"https:\/\/www.fcedu.uner.edu.ar\/graficacepce\/?page_id=925"},"modified":"2024-03-04T08:29:33","modified_gmt":"2024-03-04T11:29:33","slug":"proyectos","status":"publish","type":"page","link":"https:\/\/www.fcedu.uner.edu.ar\/graficacepce\/lineas-de-trabajo\/proyectos\/","title":{"rendered":"El para\u00edso de los perros"},"content":{"rendered":"<h4><strong>Proyectos de largo aliento y mucho cari\u00f1o con otres<\/strong><\/h4>\n<p>&nbsp;<\/p>\n<p><a href=\"https:\/\/www.fcedu.uner.edu.ar\/graficacepce\/2022\/08\/22\/libro-objeto-recuperar-el-cuerpo\/\">Libro objeto de lectura colectiva: Recuperar el cuerpo<\/a><\/p>\n<p>La experiencia de hacer un libro objeto de lectura colectiva, que interpelara a los lectores invit\u00e1ndolos a \u00abponer el cuerpo\u00bb en una aventura l\u00fadica, sin un\u00a0 recorrido \u00fanico fijado de antemano, nos puso a experimentar \u2014junto a<strong>\u00a0nuestros compa\u00f1eros de la ARC<\/strong> y a <strong>Gito Petersen<\/strong>\u2014 el cruce de los lenguajes comunicacionales en formatos no tradicionales.<\/p>\n<p>&nbsp;<\/p>\n<p><a href=\"https:\/\/www.fcedu.uner.edu.ar\/graficacepce\/2022\/08\/30\/entre-rios-musica-de-mi-terruno\/\">Entre R\u00edos. M\u00fasica de mi terru\u00f1o<\/a><\/p>\n<p>A partir de la invitaci\u00f3n de la pianista y compositora Silvia Teijeira y su trabajo en la<strong> Escuela de M\u00fasica \u201cJusto Jos\u00e9 de Urquiza\u201d<\/strong> de la ciudad de Victoria, emprendimos este recorrido sonoro por Entre R\u00edos: obras versionadas para piano, que nos cuentan el paisaje y los modos de habitar nuestra provincia.<\/p>\n<p>&nbsp;<\/p>\n<p><a href=\"https:\/\/www.fcedu.uner.edu.ar\/graficacepce\/2022\/08\/22\/un-catalogo-de-objetos-deseables\/\">Un cat\u00e1logo de objetos deseables<\/a><\/p>\n<p>Junto al <strong>Museo y Mercado de Artesan\u00edas \u00abCarlos Asia\u00edn\u00bb\u00a0<\/strong>trabajamos\u00a0 desde 2021 intentando dar visibilidad a la labor del artesanato provincial. En un proceso que contin\u00faa actualmente, intentamos poner palabras e im\u00e1genes en funci\u00f3n del deseo.<\/p>\n<p>&nbsp;<\/p>\n<p><a href=\"https:\/\/www.fcedu.uner.edu.ar\/graficacepce\/2023\/05\/09\/con-mas-democracia-mejor-a-40-anos-de-la-recuperacion-de-la-democracia\/\" rel=\"noopener\">Con m\u00e1s democracia, mejor<\/a><\/p>\n<p>En el 40\u00ba Aniversario de la recuperaci\u00f3n de la democracia en nuestro pa\u00eds, la Facultad de Ciencias de la Educaci\u00f3n de la UNER presenta producciones y actividades que se desarrollar\u00e1n en distintas instancias de 2023.<\/p>\n","protected":false},"excerpt":{"rendered":"<p>Proyectos de largo aliento y mucho cari\u00f1o con otres &nbsp; Libro objeto de lectura colectiva: Recuperar el cuerpo La experiencia de hacer un libro objeto de lectura colectiva,&#8230;<\/p>\n","protected":false},"author":2,"featured_media":1659,"parent":100,"menu_order":0,"comment_status":"closed","ping_status":"closed","template":"","meta":{"footnotes":""},"class_list":["post-925","page","type-page","status-publish","has-post-thumbnail","hentry"],"_links":{"self":[{"href":"https:\/\/www.fcedu.uner.edu.ar\/graficacepce\/wp-json\/wp\/v2\/pages\/925","targetHints":{"allow":["GET"]}}],"collection":[{"href":"https:\/\/www.fcedu.uner.edu.ar\/graficacepce\/wp-json\/wp\/v2\/pages"}],"about":[{"href":"https:\/\/www.fcedu.uner.edu.ar\/graficacepce\/wp-json\/wp\/v2\/types\/page"}],"author":[{"embeddable":true,"href":"https:\/\/www.fcedu.uner.edu.ar\/graficacepce\/wp-json\/wp\/v2\/users\/2"}],"replies":[{"embeddable":true,"href":"https:\/\/www.fcedu.uner.edu.ar\/graficacepce\/wp-json\/wp\/v2\/comments?post=925"}],"version-history":[{"count":25,"href":"https:\/\/www.fcedu.uner.edu.ar\/graficacepce\/wp-json\/wp\/v2\/pages\/925\/revisions"}],"predecessor-version":[{"id":2848,"href":"https:\/\/www.fcedu.uner.edu.ar\/graficacepce\/wp-json\/wp\/v2\/pages\/925\/revisions\/2848"}],"up":[{"embeddable":true,"href":"https:\/\/www.fcedu.uner.edu.ar\/graficacepce\/wp-json\/wp\/v2\/pages\/100"}],"wp:featuredmedia":[{"embeddable":true,"href":"https:\/\/www.fcedu.uner.edu.ar\/graficacepce\/wp-json\/wp\/v2\/media\/1659"}],"wp:attachment":[{"href":"https:\/\/www.fcedu.uner.edu.ar\/graficacepce\/wp-json\/wp\/v2\/media?parent=925"}],"curies":[{"name":"wp","href":"https:\/\/api.w.org\/{rel}","templated":true}]}}

El paraíso de los perros

<h4><strong>Proyectos de largo aliento y mucho cariño con otres</strong></h4>
<p>&nbsp;</p>
<p><a href="https://www.fcedu.uner.edu.ar/graficacepce/2022/08/22/libro-objeto-recuperar-el-cuerpo/">Libro objeto de lectura colectiva: Recuperar el cuerpo</a></p>
<p>La experiencia de hacer un libro objeto de lectura colectiva, que interpelara a los lectores invitándolos a «poner el cuerpo» en una aventura lúdica, sin un  recorrido único fijado de antemano, nos puso a experimentar —junto a<strong> nuestros compañeros de la ARC</strong> y a <strong>Gito Petersen</strong>— el cruce de los lenguajes comunicacionales en formatos no tradicionales.</p>
<p>&nbsp;</p>
<p><a href="https://www.fcedu.uner.edu.ar/graficacepce/2022/08/30/entre-rios-musica-de-mi-terruno/">Entre Ríos. Música de mi terruño</a></p>
<p>A partir de la invitación de la pianista y compositora Silvia Teijeira y su trabajo en la<strong> Escuela de Música “Justo José de Urquiza”</strong> de la ciudad de Victoria, emprendimos este recorrido sonoro por Entre Ríos: obras versionadas para piano, que nos cuentan el paisaje y los modos de habitar nuestra provincia.</p>
<p>&nbsp;</p>
<p><a href="https://www.fcedu.uner.edu.ar/graficacepce/2022/08/22/un-catalogo-de-objetos-deseables/">Un catálogo de objetos deseables</a></p>
<p>Junto al <strong>Museo y Mercado de Artesanías «Carlos Asiaín» </strong>trabajamos  desde 2021 intentando dar visibilidad a la labor del artesanato provincial. En un proceso que continúa actualmente, intentamos poner palabras e imágenes en función del deseo.</p>
<p>&nbsp;</p>
<p><a href="https://www.fcedu.uner.edu.ar/graficacepce/2023/05/09/con-mas-democracia-mejor-a-40-anos-de-la-recuperacion-de-la-democracia/" rel="noopener">Con más democracia, mejor</a></p>
<p>En el 40º Aniversario de la recuperación de la democracia en nuestro país, la Facultad de Ciencias de la Educación de la UNER presenta producciones y actividades que se desarrollarán en distintas instancias de 2023.</p>

<p>Proyectos de largo aliento y mucho cariño con otres &nbsp; Libro objeto de lectura colectiva: Recuperar el cuerpo La experiencia de hacer un libro objeto de lectura colectiva,&#8230;</p>
