{"id":23,"date":"2021-08-17T13:08:18","date_gmt":"2021-08-17T16:08:18","guid":{"rendered":"https:\/\/www.fcedu.uner.edu.ar\/ingreso\/?page_id=23"},"modified":"2022-05-23T10:27:44","modified_gmt":"2022-05-23T13:27:44","slug":"profeducacion","status":"publish","type":"page","link":"https:\/\/www.fcedu.uner.edu.ar\/ingreso\/profeducacion\/","title":{"rendered":"Profesorado en Ciencias de la Educaci\u00f3n"},"content":{"rendered":"\r\n<p><span style=\"color: #333333;\">La carrera de <strong>Profesorado en Ciencias de la Educaci\u00f3n <\/strong>se dicta en modalidad presencial. Te prepara para planificar, desarrollar, asesorar y evaluar procesos de ense\u00f1anza, proyectos, materiales, planes de estudio en los distintos niveles y modalidades del sistema educativo as\u00ed como trabajar en la asesor\u00eda pedag\u00f3gica.<\/span><\/p>\r\n<p><span style=\"color: #333333;\">\r\n\r\n<\/span><\/p>\r\n<h6><strong><span style=\"color: #333333;\">Duraci\u00f3n: 5 a\u00f1os<\/span><\/strong><\/h6>\r\n\r\n\r\n\r\n\r\n\r\n<h5 class=\"wp-block-heading\">PLAN DE ESTUDIOS<\/h5>\r\n\r\n\r\n\r\n<p><span style=\"color: #333333;\"><strong>Primer a\u00f1o<\/strong><\/span><\/p>\r\n<ol>\r\n<li><span style=\"color: #333333;\">Psicolog\u00eda de la educaci\u00f3n<\/span><\/li>\r\n<li><span style=\"color: #333333;\">Historia del pensamiento<\/span><\/li>\r\n<li><span style=\"color: #333333;\">Problem\u00e1tica educativa<\/span><\/li>\r\n<li><span style=\"color: #333333;\">Idioma extranjero I: Ingl\u00e9s o Franc\u00e9s<\/span><\/li>\r\n<li><span style=\"color: #333333;\">Conocimiento de la realidad socio-hist\u00f3rica y pol\u00edtica<\/span><\/li>\r\n<li><span style=\"color: #333333;\">Introducci\u00f3n al trabajo intelectual<\/span><\/li>\r\n<li><span style=\"color: #333333;\">Problemas biopsicol\u00f3gicos en educaci\u00f3n<\/span><\/li>\r\n<li><span style=\"color: #333333;\">Problem\u00e1tica filos\u00f3fica<\/span><\/li>\r\n<\/ol>\r\n<p><span style=\"color: #333333;\"><strong>Segundo a\u00f1o<\/strong><\/span><\/p>\r\n<ol>\r\n<li><span style=\"color: #333333;\">Psicolog\u00eda del desarrollo<\/span><\/li>\r\n<li><span style=\"color: #333333;\">Problem\u00e1tica sociol\u00f3gica<\/span><\/li>\r\n<li><span style=\"color: #333333;\">Historia de la educaci\u00f3n<\/span><\/li>\r\n<li><span style=\"color: #333333;\">Historia de los sistemas filos\u00f3ficos<\/span><\/li>\r\n<li><span style=\"color: #333333;\">Did\u00e1ctica I<\/span><\/li>\r\n<li><span style=\"color: #333333;\">Idioma extranjero II: Ingl\u00e9s o Franc\u00e9s<\/span><\/li>\r\n<li><span style=\"color: #333333;\">Espacio de relaciones interinstitucionales I: Sujetos y escuela. Relaciones de conocimiento, transmisi\u00f3n y ense\u00f1anza.<\/span><\/li>\r\n<\/ol>\r\n<p><span style=\"color: #333333;\">\r\n\r\n<\/span><\/p>\r\n<p><span style=\"color: #333333;\">Las asignaturas <strong>Conocimiento de la realidad socio-hist\u00f3rica y pol\u00edtica<\/strong> e <strong>Introducci\u00f3n al trabajo intelectual<\/strong> deber\u00e1n estar aprobadas para cursar el tercer a\u00f1o.<\/span><\/p>\r\n<p><span style=\"color: #333333;\"><strong>Tercer a\u00f1o<\/strong><\/span><\/p>\r\n<ol>\r\n<li><span style=\"color: #333333;\">Sociolog\u00eda de la educaci\u00f3n <\/span><\/li>\r\n<li><span style=\"color: #333333;\">Historia social de la educaci\u00f3n Argentina<\/span><\/li>\r\n<li><span style=\"color: #333333;\">Investigaci\u00f3n en educaci\u00f3n I<\/span><\/li>\r\n<li><span style=\"color: #333333;\">Did\u00e1ctica II<\/span><\/li>\r\n<li><span style=\"color: #333333;\">Epistemolog\u00eda<\/span><\/li>\r\n<li><span style=\"color: #333333;\">Psicoan\u00e1lisis y educaci\u00f3n<\/span><\/li>\r\n<li><span style=\"color: #333333;\">Educaci\u00f3n No Formal<\/span><\/li>\r\n<\/ol>\r\n<p><span style=\"color: #333333;\"><strong>Cuarto a\u00f1o<\/strong><\/span><\/p>\r\n<ol>\r\n<li><span style=\"color: #333333;\">Gobierno y org. de sistemas e instituciones educativas<\/span><\/li>\r\n<li><span style=\"color: #333333;\">Taller de pr\u00e1cticas de lectura y escritura<\/span><\/li>\r\n<li><span style=\"color: #333333;\">Pol\u00edtica de la educaci\u00f3n<\/span><\/li>\r\n<li><span style=\"color: #333333;\">Did\u00e1ctica III<\/span><\/li>\r\n<li><span style=\"color: #333333;\">Filosof\u00eda de la educaci\u00f3n<\/span><\/li>\r\n<li><span style=\"color: #333333;\">Evaluaci\u00f3n educativa<\/span><\/li>\r\n<li><span style=\"color: #333333;\">Espacio de reflexividad pedag\u00f3gica entre disciplinas I<\/span><\/li>\r\n<li><span style=\"color: #333333;\">Una asignatura optativa entre:<\/span><\/li>\r\n<\/ol>\r\n<p style=\"padding-left: 40px;\"><span style=\"color: #333333;\">\u2022 Dise\u00f1o y evaluaci\u00f3n de proyectos socio-educativos<\/span><br \/><span style=\"color: #333333;\">\u2022 Semi\u00f3tica<\/span><br \/><span style=\"color: #333333;\">\u2022 Econom\u00eda pol\u00edtica y educaci\u00f3n<\/span><br \/><span style=\"color: #333333;\">\u2022 Estad\u00edstica aplicada a la educaci\u00f3n<\/span><br \/><span style=\"color: #333333;\">\u2022 Tradiciones y pr\u00e1cticas de la educaci\u00f3n popular<\/span><br \/><span style=\"color: #333333;\">\u2022 Tecnolog\u00eda y sociedad contempor\u00e1nea<\/span><\/p>\r\n<p><span style=\"color: #333333;\"><strong>Quinto a\u00f1o<\/strong><\/span><\/p>\r\n<ol>\r\n<li><span style=\"color: #333333;\">Did\u00e1ctica IV<\/span><\/li>\r\n<li><span style=\"color: #333333;\">Pr\u00e1cticas pol\u00edticas y sociales de planeamiento de la educaci\u00f3n<\/span><\/li>\r\n<li><span style=\"color: #333333;\">Orientaci\u00f3n educacional y asesoramiento pedag\u00f3gico<\/span><\/li>\r\n<li><span style=\"color: #333333;\">Problem\u00e1tica filos\u00f3fica contempor\u00e1nea<\/span><\/li>\r\n<li><span style=\"color: #333333;\">Espacio de reflexividad pedag\u00f3gica entre disciplinas II<\/span><\/li>\r\n<li><span style=\"color: #333333;\">Espacio de relaciones interinstitucionales II: Reconfiguraci\u00f3n del campo pedag\u00f3gico<\/span><\/li>\r\n<li><span style=\"color: #333333;\">Una asignatura optativa entre:<\/span><\/li>\r\n<\/ol>\r\n<p style=\"padding-left: 40px;\"><span style=\"color: #333333;\">\u2022 Arte y cultura de masas<\/span><br \/><span style=\"color: #333333;\">\u2022 Seminario. Educaci\u00f3n especial<\/span><br \/><span style=\"color: #333333;\">\u2022 Orientaci\u00f3n vocacional y ocupacional<\/span><br \/><span style=\"color: #333333;\">\u2022 Planificaci\u00f3n y producci\u00f3n en educaci\u00f3n y comunicaci\u00f3n<\/span><br \/><span style=\"color: #333333;\">\u2022 Perspectivas comparadas de pol\u00edticas p\u00fablicas educativas<\/span><br \/><span style=\"color: #333333;\">\u2022 Inform\u00e1tica<\/span><\/p>\r\n<p><span style=\"color: #333333;\">\r\n\r\n<\/span><\/p>\r\n\r\n\r\n\r\n\r\n\r\n\r\n\r\n\r\n\r\n\r\n\r\n<h6><strong>\ud83d\udc47 <span style=\"color: #497bbd;\"><a style=\"color: #497bbd;\" href=\"https:\/\/www.fcedu.uner.edu.ar\/wp-content\/uploads\/2022\/03\/Profesorado_en_Ciencias_de_la_Educacion-c_correlativas.pdf\" target=\"_blank\" rel=\"noopener\">Descarg\u00e1 el Plan de Estudios<\/a><\/span><\/strong><\/h6>\r\n<h6><img decoding=\"async\" class=\"emoji\" role=\"img\" draggable=\"false\" src=\"https:\/\/s.w.org\/images\/core\/emoji\/13.1.0\/svg\/1f4e7.svg\" alt=\"\ud83d\udce7\" \/> <span class=\"qu\" style=\"color: #333333;\" tabindex=\"-1\" role=\"gridcell\"><span class=\"go\">coordinacioneducacion.fcedu@uner.edu.ar<\/span><\/span><\/h6>\r\n<p><span style=\"color: #333333;\"><strong>EXPERIENCIAS DE ESTUDIANTES Y COMUNIDAD GRADUADA<\/strong><\/span><\/p>\r\n\r\n<p><iframe loading=\"lazy\" title=\"YouTube video player\" src=\"https:\/\/www.youtube.com\/embed\/EXBbQagTxc8\" width=\"560\" height=\"315\" frameborder=\"0\" allowfullscreen=\"allowfullscreen\"><\/iframe><\/p>\r\n<p>&nbsp;<\/p>\r\n<h6><strong>\ud83d\udcd1 Experiencias de la comunidad graduada | Notas en texto: <span style=\"color: #497bbd;\"><a style=\"color: #497bbd;\" href=\"https:\/\/www.fcedu.uner.edu.ar\/?p=46993\">Mariana Dalinger<\/a> | <a style=\"color: #497bbd;\" href=\"https:\/\/www.fcedu.uner.edu.ar\/?p=46601\">Claudia Geist<\/a> | <a style=\"color: #497bbd;\" href=\"https:\/\/www.fcedu.uner.edu.ar\/?p=45588\">Alejandra Morz\u00e1n<\/a>\u00a0<\/span><\/strong><\/h6>\r\n<h6><span style=\"color: #497bbd;\"><a style=\"color: #497bbd;\" href=\"https:\/\/www.fcedu.uner.edu.ar\/haceloquetegusta\/\">\ud83c\udf08\u00a0 Conoc\u00e9 algunas producciones generadas en la carrera en el sitio de producciones estudiantiles <strong>Hac\u00e9 lo que te gusta<\/strong><\/a><\/span><\/h6>\r\n<p>&nbsp;<\/p>\r\n<p>&nbsp;<\/p>\r\n<p>&nbsp;<\/p>","protected":false},"excerpt":{"rendered":"<p>La carrera de Profesorado en Ciencias de la Educaci\u00f3n se dicta en modalidad presencial. Te prepara para planificar, desarrollar, asesorar y evaluar procesos de ense\u00f1anza, proyectos, materiales, planes de estudio en los distintos niveles y modalidades del sistema educativo as\u00ed como trabajar en la asesor\u00eda pedag\u00f3gica. Duraci\u00f3n: 5 a\u00f1os PLAN DE ESTUDIOS Primer a\u00f1o Psicolog\u00eda [&hellip;]<\/p>\n","protected":false},"author":1,"featured_media":0,"parent":0,"menu_order":0,"comment_status":"closed","ping_status":"closed","template":"","meta":{"footnotes":""},"class_list":["post-23","page","type-page","status-publish","hentry","post"],"_links":{"self":[{"href":"https:\/\/www.fcedu.uner.edu.ar\/ingreso\/wp-json\/wp\/v2\/pages\/23","targetHints":{"allow":["GET"]}}],"collection":[{"href":"https:\/\/www.fcedu.uner.edu.ar\/ingreso\/wp-json\/wp\/v2\/pages"}],"about":[{"href":"https:\/\/www.fcedu.uner.edu.ar\/ingreso\/wp-json\/wp\/v2\/types\/page"}],"author":[{"embeddable":true,"href":"https:\/\/www.fcedu.uner.edu.ar\/ingreso\/wp-json\/wp\/v2\/users\/1"}],"replies":[{"embeddable":true,"href":"https:\/\/www.fcedu.uner.edu.ar\/ingreso\/wp-json\/wp\/v2\/comments?post=23"}],"version-history":[{"count":14,"href":"https:\/\/www.fcedu.uner.edu.ar\/ingreso\/wp-json\/wp\/v2\/pages\/23\/revisions"}],"predecessor-version":[{"id":449,"href":"https:\/\/www.fcedu.uner.edu.ar\/ingreso\/wp-json\/wp\/v2\/pages\/23\/revisions\/449"}],"wp:attachment":[{"href":"https:\/\/www.fcedu.uner.edu.ar\/ingreso\/wp-json\/wp\/v2\/media?parent=23"}],"curies":[{"name":"wp","href":"https:\/\/api.w.org\/{rel}","templated":true}]}}