{"id":47,"date":"2021-08-27T09:05:18","date_gmt":"2021-08-27T12:05:18","guid":{"rendered":"https:\/\/www.fcedu.uner.edu.ar\/ingreso\/?page_id=47"},"modified":"2022-10-24T10:27:54","modified_gmt":"2022-10-24T13:27:54","slug":"gestioncultural","status":"publish","type":"page","link":"https:\/\/www.fcedu.uner.edu.ar\/ingreso\/gestioncultural\/","title":{"rendered":"Tecnicatura en Gesti\u00f3n Cultural"},"content":{"rendered":"\r\n<p class=\"has-black-color has-text-color\"><span style=\"color: #333333;\">La <strong>Tecnicatura en Gesti\u00f3n Cultural <\/strong>es una carrera bimodal, con clases presenciales y virtuales en EduVirtual. Permite desempe\u00f1arse en las distintas oficinas, reparticiones o empresas del Estado Nacional, Provincial y Municipal con intereses y proyecciones vinculadas a la difusi\u00f3n y el acceso a bienes y servicios culturales; en Agencias y otras figuras jur\u00eddicas de los distintos estamentos de gobierno que persigan objetivos similares; en Universidades P\u00fablicas y Privadas, organizaciones no gubernamentales, comunitarias y de la sociedad civil.<\/span><\/p>\r\n<p><span style=\"color: #333333;\">\r\n\r\n\r\n\r\n<\/span><\/p>\r\n<h6 class=\"has-black-color has-text-color\"><span style=\"color: #333333;\"><strong>Duraci\u00f3n: 3 a\u00f1os<\/strong><\/span><\/h6>\r\n<p><span style=\"color: #333333;\">\r\n\r\n<\/span><\/p>\r\n<p class=\"has-black-color has-text-color\"><span style=\"color: #333333;\"><strong>PLAN DE ESTUDIOS<\/strong><\/span><\/p>\r\n<p class=\"has-black-color has-text-color\"><span style=\"color: #333333;\"><strong>Primer a\u00f1o<\/strong><\/span><\/p>\r\n<ol>\r\n<li><span style=\"color: #333333;\">Ciencia. arte y problem\u00e1tica del conocimiento<\/span><\/li>\r\n<li><span style=\"color: #333333;\">Introducci\u00f3n a la gesti\u00f3n cultural<\/span><\/li>\r\n<li><span style=\"color: #333333;\">Gesti\u00f3n de lo cultural y producci\u00f3n de lenguajes I<\/span><\/li>\r\n<li><span style=\"color: #333333;\">Econom\u00eda y cultura<\/span><\/li>\r\n<li><span style=\"color: #333333;\">Cultura y sociedad<\/span><\/li>\r\n<li><span style=\"color: #333333;\">Pol\u00edticas culturales<\/span><\/li>\r\n<li><span style=\"color: #333333;\">Antropolog\u00eda cultural<\/span><\/li>\r\n<li><span style=\"color: #333333;\">Teor\u00eda de la comunicaci\u00f3n y estudios culturales<\/span><\/li>\r\n<\/ol>\r\n<p><span style=\"color: #333333;\"><strong>Segundo a\u00f1o<\/strong><\/span><\/p>\r\n<ol>\r\n<li><span style=\"color: #333333;\">Gesti\u00f3n de lo cultural y producci\u00f3n de lenguajes II<\/span><\/li>\r\n<li><span style=\"color: #333333;\">Comunicaci\u00f3n y cultura<\/span><\/li>\r\n<li><span style=\"color: #333333;\">Animaci\u00f3n sociocultural<\/span><\/li>\r\n<li><span style=\"color: #333333;\">Administraci\u00f3n de la cultura: pol\u00edtica, legislaci\u00f3n, organismos de servicios culturales<\/span><\/li>\r\n<li><span style=\"color: #333333;\">Procesos culturales argentinos y latinoamericanos<\/span><\/li>\r\n<li><span style=\"color: #333333;\">Arte y cultura de masas<\/span><\/li>\r\n<li><span style=\"color: #333333;\">Historia de los medios e industrias culturales<\/span><\/li>\r\n<li><span style=\"color: #333333;\">Problem\u00e1tica de la cultura y la educaci\u00f3n<\/span><\/li>\r\n<\/ol>\r\n<p><span style=\"color: #333333;\"><strong>Tercer a\u00f1o<\/strong><\/span><\/p>\r\n<ol>\r\n<li><span style=\"color: #333333;\">Seminario gesti\u00f3n de sectores culturales<\/span><\/li>\r\n<li><span style=\"color: #333333;\">Taller de dise\u00f1o y gesti\u00f3n de proyectos culturales<\/span><\/li>\r\n<li><span style=\"color: #333333;\">Periodismo cultural<\/span><\/li>\r\n<li><span style=\"color: #333333;\">Tecnolog\u00eda y sociedad contempor\u00e1nea<\/span><\/li>\r\n<li><span style=\"color: #333333;\">Patrimonio y aspectos museogr\u00e1ficos<\/span><\/li>\r\n<li><span style=\"color: #333333;\">Comunicaci\u00f3n Institucional<\/span><\/li>\r\n<\/ol>\r\n<p><span style=\"color: #333333;\">\r\n\r\n<\/span><\/p>\r\n<h6><span style=\"color: #333333;\"><strong>\ud83d\udc47 <a style=\"color: #333333;\" href=\"https:\/\/www.fcedu.uner.edu.ar\/wp-content\/uploads\/2022\/03\/Tecnicatura_Gestion_Cultural-c_correlativas.pdf\" target=\"_blank\" rel=\"noopener\">\u00a0<span style=\"color: #497bbd;\">Plan de Estudios para descargar<\/span>\u00a0 (versi\u00f3n con materias correlativas y cuatrimestre de cursado)<\/a><\/strong><\/span><\/h6>\r\n<h6><span style=\"color: #333333;\"><img decoding=\"async\" class=\"emoji\" role=\"img\" draggable=\"false\" src=\"https:\/\/s.w.org\/images\/core\/emoji\/13.1.0\/svg\/1f4e7.svg\" alt=\"\ud83d\udce7\" \/>coordinacion.tgc.fcedu@uner.edu.ar<\/span><\/h6>\r\n<h5>\u00a0<\/h5>\r\n<h5><span style=\"color: #333333;\"><strong>EXPERIENCIAS DE ESTUDIANTES Y COMUNIDAD GRADUADA<\/strong><\/span><\/h5>\r\n<p><span style=\"color: #333333;\"> <iframe loading=\"lazy\" title=\"YouTube video player\" src=\"https:\/\/www.youtube.com\/embed\/videoseries?list=PLk3V5NXw7bqDyKRgK3G3uDTkHvpuBfQQ-\" width=\"560\" height=\"315\" frameborder=\"0\" allowfullscreen=\"allowfullscreen\"><\/iframe> <\/span><\/p>\r\n<p class=\"has-black-color has-text-color\">\u00a0<\/p>\r\n<p><span style=\"color: #333333;\">\r\n\r\n<\/span><\/p>\r\n<h6><strong>\ud83d\udcd1 Experiencias de la comunidad graduada y estudiantes | Notas en texto: <span style=\"color: #497bbd;\"><a style=\"color: #497bbd;\" href=\"https:\/\/www.fcedu.uner.edu.ar\/?p=34150\">Mar\u00eda Eugenia Albanese y Susana Caro<\/a> | <a style=\"color: #497bbd;\" href=\"https:\/\/www.fcedu.uner.edu.ar\/?p=48534\">Florencia Ord\u00edz<\/a> | <a style=\"color: #497bbd;\" href=\"https:\/\/www.fcedu.uner.edu.ar\/?p=49389\">Silvia Acu\u00f1a<\/a> | <a style=\"color: #497bbd;\" href=\"https:\/\/www.fcedu.uner.edu.ar\/?p=26208\">Sergio Otero<\/a><\/span><\/strong><\/h6>\r\n\r\n<h6><span style=\"color: #497bbd;\"><a style=\"color: #497bbd;\" href=\"https:\/\/www.fcedu.uner.edu.ar\/haceloquetegusta\/\">\ud83c\udf08\u00a0 Conoc\u00e9 algunas producciones generadas en la carrera en el sitio de producciones estudiantiles <strong>Hac\u00e9 lo que te gusta<\/strong><\/a><\/span><\/h6>\r\n<p>&nbsp;<\/p>\r\n<p>&nbsp;<\/p>","protected":false},"excerpt":{"rendered":"<p>La Tecnicatura en Gesti\u00f3n Cultural es una carrera bimodal, con clases presenciales y virtuales en EduVirtual. Permite desempe\u00f1arse en las distintas oficinas, reparticiones o empresas del Estado Nacional, Provincial y Municipal con intereses y proyecciones vinculadas a la difusi\u00f3n y el acceso a bienes y servicios culturales; en Agencias y otras figuras jur\u00eddicas de los [&hellip;]<\/p>\n","protected":false},"author":4,"featured_media":467,"parent":0,"menu_order":0,"comment_status":"closed","ping_status":"closed","template":"","meta":{"footnotes":""},"class_list":["post-47","page","type-page","status-publish","has-post-thumbnail","hentry","post"],"_links":{"self":[{"href":"https:\/\/www.fcedu.uner.edu.ar\/ingreso\/wp-json\/wp\/v2\/pages\/47","targetHints":{"allow":["GET"]}}],"collection":[{"href":"https:\/\/www.fcedu.uner.edu.ar\/ingreso\/wp-json\/wp\/v2\/pages"}],"about":[{"href":"https:\/\/www.fcedu.uner.edu.ar\/ingreso\/wp-json\/wp\/v2\/types\/page"}],"author":[{"embeddable":true,"href":"https:\/\/www.fcedu.uner.edu.ar\/ingreso\/wp-json\/wp\/v2\/users\/4"}],"replies":[{"embeddable":true,"href":"https:\/\/www.fcedu.uner.edu.ar\/ingreso\/wp-json\/wp\/v2\/comments?post=47"}],"version-history":[{"count":40,"href":"https:\/\/www.fcedu.uner.edu.ar\/ingreso\/wp-json\/wp\/v2\/pages\/47\/revisions"}],"predecessor-version":[{"id":468,"href":"https:\/\/www.fcedu.uner.edu.ar\/ingreso\/wp-json\/wp\/v2\/pages\/47\/revisions\/468"}],"wp:featuredmedia":[{"embeddable":true,"href":"https:\/\/www.fcedu.uner.edu.ar\/ingreso\/wp-json\/wp\/v2\/media\/467"}],"wp:attachment":[{"href":"https:\/\/www.fcedu.uner.edu.ar\/ingreso\/wp-json\/wp\/v2\/media?parent=47"}],"curies":[{"name":"wp","href":"https:\/\/api.w.org\/{rel}","templated":true}]}}