{"id":72,"date":"2021-09-06T10:26:56","date_gmt":"2021-09-06T13:26:56","guid":{"rendered":"https:\/\/www.fcedu.uner.edu.ar\/ingreso\/?page_id=72"},"modified":"2023-12-12T09:48:59","modified_gmt":"2023-12-12T12:48:59","slug":"educacioninicial","status":"publish","type":"page","link":"https:\/\/www.fcedu.uner.edu.ar\/ingreso\/educacioninicial\/","title":{"rendered":"Licenciatura en Educaci\u00f3n Inicial"},"content":{"rendered":"<h3><\/h3>\n<p><span style=\"color: #333333;\">El <strong>Ciclo de Licenciatura en Educaci\u00f3n Inicial<\/strong> es un complemento curricular de grado, que requiere contar con un t\u00edtulo terciario previo para poder cursarse.<\/span><\/p>\n<p><span style=\"color: #333333;\">La carrera est\u00e1 destinada a egresados\/as de institutos de formaci\u00f3n docente que busquen acceder a la obtenci\u00f3n del grado universitario, con el objetivo de\u00a0ofrecer un \u00e1mbito para el tratamiento de problem\u00e1ticas educativas desde un abordaje interdisciplinario y que atienda a la dimensi\u00f3n cient\u00edfica de la formaci\u00f3n.<\/span><\/p>\n<h6><\/h6>\n<p><strong>PLAN DE ESTUDIOS<\/strong><\/p>\n<p><strong>Primer a\u00f1o<\/strong><\/p>\n<ol>\n<li>Psicolog\u00eda de la Educaci\u00f3n<\/li>\n<li>Epistemolog\u00eda<\/li>\n<li>An\u00e1lisis de las Instituciones Educativas del nivel inicial<\/li>\n<li>Sociolog\u00eda de la Educaci\u00f3n<\/li>\n<li>Teor\u00edas y Procesos Curriculares<\/li>\n<li>Historia Social de la Educaci\u00f3n Argentina<\/li>\n<\/ol>\n<p><strong>Segundo a\u00f1o<\/strong><\/p>\n<ol>\n<li>Investigaci\u00f3n en Educaci\u00f3n para el nivel inicial<\/li>\n<li>Dise\u00f1o y Evaluaci\u00f3n de Proyectos Educativos del nivel inicial<\/li>\n<li>Pol\u00edticas Educativas para la infancia<\/li>\n<li>Gobierno y organizaci\u00f3n de las instituciones educativas para el nivel inicial<\/li>\n<li>Saberes disciplinares: Lengua<\/li>\n<li>Saberes disciplinares: Matem\u00e1tica<\/li>\n<\/ol>\n<p><strong>Tercer a\u00f1o<\/strong><\/p>\n<ol>\n<li>Comunicaci\u00f3n, Educaci\u00f3n y Tecnolog\u00eda<\/li>\n<li>Saberes disciplinares: Ciencias Sociales<\/li>\n<li>Saberes disciplinares: Ciencias Naturales<\/li>\n<li>Taller de producci\u00f3n del Trabajo Final Integrador<\/li>\n<li>Trabajo final integrador<\/li>\n<\/ol>\n<h6>Coordinaci\u00f3n de carrera:<\/h6>\n<h6>\ud83d\udce7 coordinicial.fcedu@uner.edu.ar<\/h6>\n<h6><\/h6>\n","protected":false},"excerpt":{"rendered":"<p>El Ciclo de Licenciatura en Educaci\u00f3n Inicial es un complemento curricular de grado, que requiere contar con un t\u00edtulo terciario previo para poder cursarse. La carrera est\u00e1 destinada a egresados\/as de institutos de formaci\u00f3n docente que busquen acceder a la obtenci\u00f3n del grado universitario, con el objetivo de\u00a0ofrecer un \u00e1mbito para el tratamiento de problem\u00e1ticas [&hellip;]<\/p>\n","protected":false},"author":1,"featured_media":0,"parent":0,"menu_order":0,"comment_status":"closed","ping_status":"closed","template":"","meta":{"footnotes":""},"class_list":["post-72","page","type-page","status-publish","hentry","post"],"_links":{"self":[{"href":"https:\/\/www.fcedu.uner.edu.ar\/ingreso\/wp-json\/wp\/v2\/pages\/72","targetHints":{"allow":["GET"]}}],"collection":[{"href":"https:\/\/www.fcedu.uner.edu.ar\/ingreso\/wp-json\/wp\/v2\/pages"}],"about":[{"href":"https:\/\/www.fcedu.uner.edu.ar\/ingreso\/wp-json\/wp\/v2\/types\/page"}],"author":[{"embeddable":true,"href":"https:\/\/www.fcedu.uner.edu.ar\/ingreso\/wp-json\/wp\/v2\/users\/1"}],"replies":[{"embeddable":true,"href":"https:\/\/www.fcedu.uner.edu.ar\/ingreso\/wp-json\/wp\/v2\/comments?post=72"}],"version-history":[{"count":12,"href":"https:\/\/www.fcedu.uner.edu.ar\/ingreso\/wp-json\/wp\/v2\/pages\/72\/revisions"}],"predecessor-version":[{"id":507,"href":"https:\/\/www.fcedu.uner.edu.ar\/ingreso\/wp-json\/wp\/v2\/pages\/72\/revisions\/507"}],"wp:attachment":[{"href":"https:\/\/www.fcedu.uner.edu.ar\/ingreso\/wp-json\/wp\/v2\/media?parent=72"}],"curies":[{"name":"wp","href":"https:\/\/api.w.org\/{rel}","templated":true}]}}