{"id":1684,"date":"2017-07-07T19:32:28","date_gmt":"2017-07-07T19:32:28","guid":{"rendered":"http:\/\/www.fcedu.uner.edu.ar\/medianayterceraedad2\/?page_id=1684"},"modified":"2022-03-15T12:16:23","modified_gmt":"2022-03-15T15:16:23","slug":"objetivos","status":"publish","type":"page","link":"https:\/\/www.fcedu.uner.edu.ar\/medianayterceraedad\/?page_id=1684","title":{"rendered":"Objetivos"},"content":{"rendered":"<div class=\"gdlr-shortcode-wrapper\">\n<div class=\"gdlr-styled-box-item-ux gdlr-ux\" >\n<div class=\"gdlr-item gdlr-styled-box-item\" >\n<div class=\"gdlr-styled-box-head-wrapper\" >\n<div class=\"gdlr-styled-box-corner\" style=\"border-bottom-color:#12834d;\" ><\/div>\n<div class=\"gdlr-styled-box-head\" style=\"background-color:#789AC6;\" ><\/div>\n<\/div>\n<div class=\"gdlr-styled-box-body with-head\" style=\"background-color:#789AC6; color: #ffffff; \" >\n<p><i class=\"gdlr-icon fa fa-group\" style=\"color: #fff; font-size: 60px; \" ><\/i><\/p>\n<div class=\"clear\"><\/div>\n<div class=\"gdlr-space\" style=\"margin-top: 25px;\"><\/div>\n<h3 class=\"gdlr-heading-shortcode \"  style=\"color: #fff;font-size: 24px;font-weight: bold;\" >Los objetivos que busca el Departamento de la Mediana y Tercera Edad son: <\/h3>\n<p><i class=\"gdlr-icon fa fa-arrow-right\" style=\"color: #fff; font-size: 15px; \" ><\/i> Interpelar al adulto y adulto mayor como sujeto de derecho a trav\u00e9s de una propuesta educativa que\u00a0 se sustente en las potencialidades y en el aprendizaje a lo largo de la vida.<\/p>\n<p><i class=\"gdlr-icon fa fa-arrow-right\" style=\"color: #fff; font-size: 15px; \" ><\/i> \u00a0Generar \u00e1mbitos de participaci\u00f3n en la comunidad.<\/p>\n<p><i class=\"gdlr-icon fa fa-arrow-right\" style=\"color: #fff; font-size: 15px; \" ><\/i> \u00a0Ofrecer espacios\u00a0 para el adulto y el adulto mayor que posibiliten la inserci\u00f3n\u00a0 al \u00e1mbito acad\u00e9mico con el fin de enriquecerse e incorporar conocimientos, creando y recre\u00e1ndose.<\/p>\n<p><i class=\"gdlr-icon fa fa-arrow-right\" style=\"color: #fff; font-size: 15px; \" ><\/i> \u00a0Promover los derechos de las personas mayores:\u00a0 a la independencia, a la autorrealizaci\u00f3n, a la participaci\u00f3n, a los cuidados, a la dignidad.<\/p>\n<\/div>\n<\/div>\n<\/div>\n<\/div>\n","protected":false},"excerpt":{"rendered":"","protected":false},"author":1,"featured_media":0,"parent":0,"menu_order":0,"comment_status":"closed","ping_status":"closed","template":"","meta":{"footnotes":""},"_links":{"self":[{"href":"https:\/\/www.fcedu.uner.edu.ar\/medianayterceraedad\/index.php?rest_route=\/wp\/v2\/pages\/1684"}],"collection":[{"href":"https:\/\/www.fcedu.uner.edu.ar\/medianayterceraedad\/index.php?rest_route=\/wp\/v2\/pages"}],"about":[{"href":"https:\/\/www.fcedu.uner.edu.ar\/medianayterceraedad\/index.php?rest_route=\/wp\/v2\/types\/page"}],"author":[{"embeddable":true,"href":"https:\/\/www.fcedu.uner.edu.ar\/medianayterceraedad\/index.php?rest_route=\/wp\/v2\/users\/1"}],"replies":[{"embeddable":true,"href":"https:\/\/www.fcedu.uner.edu.ar\/medianayterceraedad\/index.php?rest_route=%2Fwp%2Fv2%2Fcomments&post=1684"}],"version-history":[{"count":8,"href":"https:\/\/www.fcedu.uner.edu.ar\/medianayterceraedad\/index.php?rest_route=\/wp\/v2\/pages\/1684\/revisions"}],"predecessor-version":[{"id":4457,"href":"https:\/\/www.fcedu.uner.edu.ar\/medianayterceraedad\/index.php?rest_route=\/wp\/v2\/pages\/1684\/revisions\/4457"}],"wp:attachment":[{"href":"https:\/\/www.fcedu.uner.edu.ar\/medianayterceraedad\/index.php?rest_route=%2Fwp%2Fv2%2Fmedia&parent=1684"}],"curies":[{"name":"wp","href":"https:\/\/api.w.org\/{rel}","templated":true}]}}