{"id":1694,"date":"2017-07-07T19:34:22","date_gmt":"2017-07-07T19:34:22","guid":{"rendered":"http:\/\/www.fcedu.uner.edu.ar\/medianayterceraedad2\/?page_id=1694"},"modified":"2026-03-05T15:38:17","modified_gmt":"2026-03-05T18:38:17","slug":"ciencia-y-sociedad","status":"publish","type":"page","link":"https:\/\/www.fcedu.uner.edu.ar\/medianayterceraedad\/?page_id=1694","title":{"rendered":"Ciencia y Sociedad"},"content":{"rendered":"<p>Primer trimestre 2026<\/p>\n<p>&nbsp;<\/p>\n<p class=\"cvGsUA direction-ltr align-start para-style-body\"><strong><span class=\"OYPEnA text-decoration-none text-strikethrough-none\">Bit\u00e1coras de lectura para iniciales<\/span><\/strong><\/p>\n<p class=\"cvGsUA direction-ltr align-start para-style-body\"><span class=\"OYPEnA text-decoration-none text-strikethrough-none\">Prof. Fabi\u00e1n Reato | <\/span><span class=\"OYPEnA text-decoration-none text-strikethrough-none\">Martes de 16:00 a 17:30<\/span><\/p>\n<p>&nbsp;<\/p>\n<p class=\"cvGsUA direction-ltr align-start para-style-body\"><strong><span class=\"OYPEnA text-decoration-none text-strikethrough-none\">Bit\u00e1coras de lectura<\/span><\/strong><\/p>\n<p class=\"cvGsUA direction-ltr align-start para-style-body\"><span class=\"OYPEnA text-decoration-none text-strikethrough-none\">Prof. Fabi\u00e1n Reato | <\/span><span class=\"OYPEnA text-decoration-none text-strikethrough-none\">Martes de 17:30 a 19<\/span><\/p>\n<p>&nbsp;<\/p>\n<p class=\"cvGsUA direction-ltr align-start para-style-body\"><strong><span class=\"OYPEnA text-decoration-none text-strikethrough-none\">El cine y sus alrededores\u00a0<\/span><\/strong><\/p>\n<p class=\"cvGsUA direction-ltr align-start para-style-body\"><span class=\"OYPEnA text-decoration-none text-strikethrough-none\">Prof. Franco Giorda | Jueves de 16 a 18<\/span><\/p>\n<p>&nbsp;<\/p>\n<p class=\"cvGsUA direction-ltr align-start para-style-body\"><strong><span class=\"OYPEnA text-decoration-none text-strikethrough-none\">Paran\u00e1: Historia, patrimonio, cultura <\/span><span class=\"OYPEnA text-decoration-none text-strikethrough-none\">y legado\u00a0<\/span><\/strong><\/p>\n<p class=\"cvGsUA direction-ltr align-start para-style-body\"><span class=\"OYPEnA text-decoration-none text-strikethrough-none\">Prof. Claudio Ca\u00f1ete | Jueves de 17:30 a 19<\/span><\/p>\n<p>&nbsp;<\/p>\n<p><strong>Las pr\u00e1cticas del pensar: \u00abFilosof\u00eda y experiencia cotidiana\u00bb<\/strong><\/p>\n<p>Profs. Fernando Fava y Alicia Rivero <span class=\"OYPEnA text-decoration-none text-strikethrough-none\">| Jueves de 16 a 17:30<\/span><\/p>\n<p>&nbsp;<\/p>\n<p><strong>Educaci\u00f3n emocional: Herramientas para nuestro bien-estar (virtual)<\/strong><\/p>\n<p>Profs. Felicitas Riestra <span class=\"OYPEnA text-decoration-none text-strikethrough-none\">| Lunes de 15 a 16:30<\/span><\/p>\n","protected":false},"excerpt":{"rendered":"<p>Primer trimestre 2026 &nbsp; Bit\u00e1coras de lectura para iniciales Prof. Fabi\u00e1n Reato | Martes de 16:00 a 17:30 &nbsp; Bit\u00e1coras de lectura Prof. Fabi\u00e1n Reato | Martes de 17:30 a 19 &nbsp; El cine y sus alrededores\u00a0 Prof. Franco Giorda | Jueves de 16 a 18 &nbsp; Paran\u00e1: Historia, patrimonio, cultura y legado\u00a0 Prof. Claudio&#8230; <\/p>\n<div class=\"clear\"><\/div>\n<p><a href=\"https:\/\/www.fcedu.uner.edu.ar\/medianayterceraedad\/?page_id=1694\" class=\"excerpt-read-more\">Read More<i class=\"fa fa-caret-right icon-caret-right\"><\/i><\/a><\/p>\n","protected":false},"author":1,"featured_media":0,"parent":0,"menu_order":0,"comment_status":"closed","ping_status":"closed","template":"","meta":{"footnotes":""},"_links":{"self":[{"href":"https:\/\/www.fcedu.uner.edu.ar\/medianayterceraedad\/index.php?rest_route=\/wp\/v2\/pages\/1694"}],"collection":[{"href":"https:\/\/www.fcedu.uner.edu.ar\/medianayterceraedad\/index.php?rest_route=\/wp\/v2\/pages"}],"about":[{"href":"https:\/\/www.fcedu.uner.edu.ar\/medianayterceraedad\/index.php?rest_route=\/wp\/v2\/types\/page"}],"author":[{"embeddable":true,"href":"https:\/\/www.fcedu.uner.edu.ar\/medianayterceraedad\/index.php?rest_route=\/wp\/v2\/users\/1"}],"replies":[{"embeddable":true,"href":"https:\/\/www.fcedu.uner.edu.ar\/medianayterceraedad\/index.php?rest_route=%2Fwp%2Fv2%2Fcomments&post=1694"}],"version-history":[{"count":10,"href":"https:\/\/www.fcedu.uner.edu.ar\/medianayterceraedad\/index.php?rest_route=\/wp\/v2\/pages\/1694\/revisions"}],"predecessor-version":[{"id":5961,"href":"https:\/\/www.fcedu.uner.edu.ar\/medianayterceraedad\/index.php?rest_route=\/wp\/v2\/pages\/1694\/revisions\/5961"}],"wp:attachment":[{"href":"https:\/\/www.fcedu.uner.edu.ar\/medianayterceraedad\/index.php?rest_route=%2Fwp%2Fv2%2Fmedia&parent=1694"}],"curies":[{"name":"wp","href":"https:\/\/api.w.org\/{rel}","templated":true}]}}