{"id":1697,"date":"2017-07-07T19:34:55","date_gmt":"2017-07-07T19:34:55","guid":{"rendered":"http:\/\/www.fcedu.uner.edu.ar\/medianayterceraedad2\/?page_id=1697"},"modified":"2022-03-17T08:58:54","modified_gmt":"2022-03-17T11:58:54","slug":"club-de-narradores","status":"publish","type":"page","link":"https:\/\/www.fcedu.uner.edu.ar\/medianayterceraedad\/?page_id=1697","title":{"rendered":"Club de Narradores"},"content":{"rendered":"<h3 style=\"text-align: center;\"><span style=\"color: #333333;\">\u201cDe mi boca a tu coraz\u00f3n, de tu coraz\u00f3n a tu cabeza\u201d<\/span><\/h3>\n<p>&nbsp;<\/p>\n<p><span style=\"color: #333333;\"><img decoding=\"async\" loading=\"lazy\" class=\"size-full wp-image-1754 alignleft\" src=\"https:\/\/www.fcedu.uner.edu.ar\/medianayterceraedad\/wp-content\/uploads\/2017\/07\/libros_2.jpg\" alt=\"\" width=\"275\" height=\"183\" \/>Es el lema que las narradoras y los narradores adoptaron considerando a la narraci\u00f3n oral de cuentos como una poderosa estrategia para incentivar la lectura y motivar el acercamiento a los libros. La experiencia les revel\u00f3 que\u00a0las infancias no s\u00f3lo valoran las historias, sino la compa\u00f1\u00eda, la buena disposici\u00f3n, las palabras, las sonrisas y el tiempo de quienes narran.<\/span><\/p>\n<div><span style=\"color: #333333;\">Se trata de una acci\u00f3n concreta que motorizan los clubes abiertos en otros puntos de la provincia y que la Facultad de Ciencias de la Educaci\u00f3n, a trav\u00e9s de su Departamento de la Mediana y Tercera Edad dependiente de la Secretar\u00eda de Extensi\u00f3n y Cultura, cobija estrat\u00e9gicamente en su ideario de interpelar a las personas mayores como sujetos de derechos y protagonistas en la sociedad que son parte.<\/span><\/div>\n<p><span style=\"color: #333333;\">Ya son m\u00e1s de 90 mil los ni\u00f1os y las ni\u00f1as que han disfrutado los cuentos del <strong><a href=\"https:\/\/cn.fac.org.ar\/\"><span style=\"color: #497bbd;\">club<\/span><\/a> <\/strong>mientras los espacios para narrar se agrandan: a las escuelas, se suman bibliotecas, hospitales y hasta plazas.<\/span><\/p>\n<p><span style=\"color: #497bbd;\"><strong><a style=\"color: #497bbd;\" href=\"https:\/\/cn.fac.org.ar\/\"><i class=\"gdlr-icon fa fa-arrow-right\" style=\"color: #353535; font-size: 15px; \" ><\/i> Ingresar a la web del club<\/a><\/strong><\/span><\/p>\n<h5><span style=\"color: #0066cc;\"><strong>Clubes en varias localidades entrerrianas<\/strong><\/span><\/h5>\n<p><span style=\"color: #333333;\">En el marco del Proyecto \u201cFormaci\u00f3n de L\u00edderes para la creaci\u00f3n de Clubes de Narradores en otras localidades de Entre R\u00edos\u201d, desde 2007 se firman convenios de cooperaci\u00f3n con diversos municipios para llevar esta actividad a varias localidades de la provincia. Actualmente, los clubes abiertos y funcionando son cinco: Club de Narradores de Paran\u00e1, Federal, Urdinarrain, Bovril y Ram\u00edrez.<\/span><\/p>\n<p><iframe loading=\"lazy\" src=\"https:\/\/www.google.com\/maps\/d\/embed?mid=1Hs1MSi3pTGQ60iPcUUgG7uGwmyg\" width=\"640\" height=\"480\"><\/iframe><\/p>\n","protected":false},"excerpt":{"rendered":"<p>\u201cDe mi boca a tu coraz\u00f3n, de tu coraz\u00f3n a tu cabeza\u201d &nbsp; Es el lema que las narradoras y los narradores adoptaron considerando a la narraci\u00f3n oral de cuentos como una poderosa estrategia para incentivar la lectura y motivar el acercamiento a los libros. La experiencia les revel\u00f3 que\u00a0las infancias no s\u00f3lo valoran las&#8230; <\/p>\n<div class=\"clear\"><\/div>\n<p><a href=\"https:\/\/www.fcedu.uner.edu.ar\/medianayterceraedad\/?page_id=1697\" class=\"excerpt-read-more\">Read More<i class=\"fa fa-caret-right icon-caret-right\"><\/i><\/a><\/p>\n","protected":false},"author":1,"featured_media":0,"parent":0,"menu_order":0,"comment_status":"closed","ping_status":"closed","template":"","meta":{"footnotes":""},"_links":{"self":[{"href":"https:\/\/www.fcedu.uner.edu.ar\/medianayterceraedad\/index.php?rest_route=\/wp\/v2\/pages\/1697"}],"collection":[{"href":"https:\/\/www.fcedu.uner.edu.ar\/medianayterceraedad\/index.php?rest_route=\/wp\/v2\/pages"}],"about":[{"href":"https:\/\/www.fcedu.uner.edu.ar\/medianayterceraedad\/index.php?rest_route=\/wp\/v2\/types\/page"}],"author":[{"embeddable":true,"href":"https:\/\/www.fcedu.uner.edu.ar\/medianayterceraedad\/index.php?rest_route=\/wp\/v2\/users\/1"}],"replies":[{"embeddable":true,"href":"https:\/\/www.fcedu.uner.edu.ar\/medianayterceraedad\/index.php?rest_route=%2Fwp%2Fv2%2Fcomments&post=1697"}],"version-history":[{"count":8,"href":"https:\/\/www.fcedu.uner.edu.ar\/medianayterceraedad\/index.php?rest_route=\/wp\/v2\/pages\/1697\/revisions"}],"predecessor-version":[{"id":4472,"href":"https:\/\/www.fcedu.uner.edu.ar\/medianayterceraedad\/index.php?rest_route=\/wp\/v2\/pages\/1697\/revisions\/4472"}],"wp:attachment":[{"href":"https:\/\/www.fcedu.uner.edu.ar\/medianayterceraedad\/index.php?rest_route=%2Fwp%2Fv2%2Fmedia&parent=1697"}],"curies":[{"name":"wp","href":"https:\/\/api.w.org\/{rel}","templated":true}]}}

<h3 style="text-align: center;"><span style="color: #333333;">“De mi boca a tu corazón, de tu corazón a tu cabeza”</span></h3>
<p>&nbsp;</p>
<p><span style="color: #333333;"><img decoding="async" loading="lazy" class="size-full wp-image-1754 alignleft" src="https://www.fcedu.uner.edu.ar/medianayterceraedad/wp-content/uploads/2017/07/libros_2.jpg" alt="" width="275" height="183" />Es el lema que las narradoras y los narradores adoptaron considerando a la narración oral de cuentos como una poderosa estrategia para incentivar la lectura y motivar el acercamiento a los libros. La experiencia les reveló que las infancias no sólo valoran las historias, sino la compañía, la buena disposición, las palabras, las sonrisas y el tiempo de quienes narran.</span></p>
<div><span style="color: #333333;">Se trata de una acción concreta que motorizan los clubes abiertos en otros puntos de la provincia y que la Facultad de Ciencias de la Educación, a través de su Departamento de la Mediana y Tercera Edad dependiente de la Secretaría de Extensión y Cultura, cobija estratégicamente en su ideario de interpelar a las personas mayores como sujetos de derechos y protagonistas en la sociedad que son parte.</span></div>
<p><span style="color: #333333;">Ya son más de 90 mil los niños y las niñas que han disfrutado los cuentos del <strong><a href="https://cn.fac.org.ar/"><span style="color: #497bbd;">club</span></a> </strong>mientras los espacios para narrar se agrandan: a las escuelas, se suman bibliotecas, hospitales y hasta plazas.</span></p>
<p><span style="color: #497bbd;"><strong><a style="color: #497bbd;" href="https://cn.fac.org.ar/"><i class="gdlr-icon fa fa-arrow-right" style="color: #353535; font-size: 15px; " ></i> Ingresar a la web del club</a></strong></span></p>
<h5><span style="color: #0066cc;"><strong>Clubes en varias localidades entrerrianas</strong></span></h5>
<p><span style="color: #333333;">En el marco del Proyecto “Formación de Líderes para la creación de Clubes de Narradores en otras localidades de Entre Ríos”, desde 2007 se firman convenios de cooperación con diversos municipios para llevar esta actividad a varias localidades de la provincia. Actualmente, los clubes abiertos y funcionando son cinco: Club de Narradores de Paraná, Federal, Urdinarrain, Bovril y Ramírez.</span></p>
<p><iframe loading="lazy" src="https://www.google.com/maps/d/embed?mid=1Hs1MSi3pTGQ60iPcUUgG7uGwmyg" width="640" height="480"></iframe></p>

<p>“De mi boca a tu corazón, de tu corazón a tu cabeza” &nbsp; Es el lema que las narradoras y los narradores adoptaron considerando a la narración oral de cuentos como una poderosa estrategia para incentivar la lectura y motivar el acercamiento a los libros. La experiencia les reveló que las infancias no sólo valoran las&#8230; </p>
<div class="clear"></div>
<p><a href="https://www.fcedu.uner.edu.ar/medianayterceraedad/?page_id=1697" class="excerpt-read-more">Read More<i class="fa fa-caret-right icon-caret-right"></i></a></p>
